{"id":7695,"date":"2025-03-14T09:48:55","date_gmt":"2025-03-14T12:48:55","guid":{"rendered":"https:\/\/isfd42-bue.infd.edu.ar\/sitio\/?page_id=7695"},"modified":"2025-03-14T09:48:56","modified_gmt":"2025-03-14T12:48:56","slug":"itinerar-en-otro-instituto","status":"publish","type":"page","link":"https:\/\/isfd42-bue.infd.edu.ar\/sitio\/itinerar-en-otro-instituto\/","title":{"rendered":"Itinerar en otro Instituto"},"content":{"rendered":"\n<ul>\n<li>Deber\u00e1 solicitar en Preceptor\u00eda del ISFDyT 42 y de manera presencial la documentaci\u00f3n que la otra instituci\u00f3n solicite como requisito para la inscripci\u00f3n (constancia de alumno regular, anal\u00edtico parcial).<\/li>\n\n\n\n<li>Luego de solicitar la vacante en otro instituto y tener la confirmaci\u00f3n de la misma, deber\u00e1 entregar en la Preceptor\u00eda del ISFDyT 42 y de manera presencial:<ul><li>Copia del <a rel=\"noreferrer noopener\" href=\"https:\/\/drive.google.com\/file\/d\/1RBUbmxnbpO0n8bZN5FAThtN4EInnNNXZ\/view?usp=sharing\" target=\"_blank\">Formulario A<\/a> con la firma del Instituto donde cursar\u00e1.<\/li><\/ul>\n<ul>\n<li>Copia del <a href=\"https:\/\/drive.google.com\/file\/d\/1kXdF_UgTNV4to4hH2da5JDYoETZaSTKU\/view?usp=sharing\" target=\"_blank\" rel=\"noreferrer noopener\">Formulario B<\/a> con la firma del Instituto donde cursar\u00e1.<\/li>\n<\/ul>\n<\/li>\n<\/ul>\n","protected":false},"excerpt":{"rendered":"","protected":false},"author":3313,"featured_media":0,"parent":0,"menu_order":0,"comment_status":"closed","ping_status":"closed","template":"","meta":[],"acf":[],"_links":{"self":[{"href":"https:\/\/isfd42-bue.infd.edu.ar\/sitio\/wp-json\/wp\/v2\/pages\/7695"}],"collection":[{"href":"https:\/\/isfd42-bue.infd.edu.ar\/sitio\/wp-json\/wp\/v2\/pages"}],"about":[{"href":"https:\/\/isfd42-bue.infd.edu.ar\/sitio\/wp-json\/wp\/v2\/types\/page"}],"author":[{"embeddable":true,"href":"https:\/\/isfd42-bue.infd.edu.ar\/sitio\/wp-json\/wp\/v2\/users\/3313"}],"replies":[{"embeddable":true,"href":"https:\/\/isfd42-bue.infd.edu.ar\/sitio\/wp-json\/wp\/v2\/comments?post=7695"}],"version-history":[{"count":1,"href":"https:\/\/isfd42-bue.infd.edu.ar\/sitio\/wp-json\/wp\/v2\/pages\/7695\/revisions"}],"predecessor-version":[{"id":7696,"href":"https:\/\/isfd42-bue.infd.edu.ar\/sitio\/wp-json\/wp\/v2\/pages\/7695\/revisions\/7696"}],"wp:attachment":[{"href":"https:\/\/isfd42-bue.infd.edu.ar\/sitio\/wp-json\/wp\/v2\/media?parent=7695"}],"curies":[{"name":"wp","href":"https:\/\/api.w.org\/{rel}","templated":true}]}}