{"id":7656,"date":"2025-03-12T07:58:40","date_gmt":"2025-03-12T10:58:40","guid":{"rendered":"https:\/\/isfd42-bue.infd.edu.ar\/sitio\/?page_id=7656"},"modified":"2025-03-29T11:48:37","modified_gmt":"2025-03-29T14:48:37","slug":"inscripcion-a-materias-2025","status":"publish","type":"page","link":"https:\/\/isfd42-bue.infd.edu.ar\/sitio\/inscripcion-a-materias-2025\/","title":{"rendered":"Aulas Pr\u00e1ctica Docente 2025"},"content":{"rendered":"\n<h2 class=\"wp-block-heading\">Para chequear el n\u00famero de aula hace click <a rel=\"noreferrer noopener\" href=\"https:\/\/docs.google.com\/spreadsheets\/d\/1INSAFvGm5ee6cNVn35_GUe7m96hgkbcl\/edit?usp=sharing&amp;ouid=111145838983569461018&amp;rtpof=true&amp;sd=true\" target=\"_blank\">AQU\u00cd<\/a> <\/h2>\n\n\n\n<p>Record\u00e1 que los D\u00cdAS y DOCENTES a cargo pod\u00e9s verlos tambi\u00e9n en el HORARIO de cada carrera. <\/p>\n","protected":false},"excerpt":{"rendered":"<p>Para chequear el n\u00famero de aula hace click AQU\u00cd Record\u00e1 que los D\u00cdAS y DOCENTES a cargo pod\u00e9s verlos tambi\u00e9n en el HORARIO de cada carrera.<\/p>\n","protected":false},"author":3313,"featured_media":0,"parent":0,"menu_order":0,"comment_status":"closed","ping_status":"closed","template":"","meta":[],"acf":[],"_links":{"self":[{"href":"https:\/\/isfd42-bue.infd.edu.ar\/sitio\/wp-json\/wp\/v2\/pages\/7656"}],"collection":[{"href":"https:\/\/isfd42-bue.infd.edu.ar\/sitio\/wp-json\/wp\/v2\/pages"}],"about":[{"href":"https:\/\/isfd42-bue.infd.edu.ar\/sitio\/wp-json\/wp\/v2\/types\/page"}],"author":[{"embeddable":true,"href":"https:\/\/isfd42-bue.infd.edu.ar\/sitio\/wp-json\/wp\/v2\/users\/3313"}],"replies":[{"embeddable":true,"href":"https:\/\/isfd42-bue.infd.edu.ar\/sitio\/wp-json\/wp\/v2\/comments?post=7656"}],"version-history":[{"count":6,"href":"https:\/\/isfd42-bue.infd.edu.ar\/sitio\/wp-json\/wp\/v2\/pages\/7656\/revisions"}],"predecessor-version":[{"id":7706,"href":"https:\/\/isfd42-bue.infd.edu.ar\/sitio\/wp-json\/wp\/v2\/pages\/7656\/revisions\/7706"}],"wp:attachment":[{"href":"https:\/\/isfd42-bue.infd.edu.ar\/sitio\/wp-json\/wp\/v2\/media?parent=7656"}],"curies":[{"name":"wp","href":"https:\/\/api.w.org\/{rel}","templated":true}]}}