{"id":5408,"date":"2021-05-02T12:29:40","date_gmt":"2021-05-02T15:29:40","guid":{"rendered":"https:\/\/isfd42-bue.infd.edu.ar\/sitio\/?page_id=5408"},"modified":"2021-05-30T17:16:44","modified_gmt":"2021-05-30T20:16:44","slug":"pcp-biologia","status":"publish","type":"page","link":"https:\/\/isfd42-bue.infd.edu.ar\/sitio\/pcp-biologia\/","title":{"rendered":"PCP Biolog\u00eda"},"content":{"rendered":"<table width=\"750\">\n<tbody>\n<tr>\n<td width=\"420\"><strong>MATERIAS 3\u00ba A\u00d1O<\/strong><\/td>\n<td width=\"210\"><strong>DOCENTE<\/strong><\/td>\n<td width=\"120\"><b>C\u00d3DIGO<\/b><\/td>\n<\/tr>\n<tr>\n<td width=\"420\">PERSP. \u00a0FILOS\u00d3FICO PEDAG\u00d3GICO DID\u00c1CTICA<\/td>\n<td width=\"210\">PI\u00c9GARI MARCELO<\/td>\n<td width=\"120\">7omjep2<\/td>\n<\/tr>\n<tr>\n<td width=\"420\">PERSPECTIVA POL\u00cdTICO INSTITUCIONAL<\/td>\n<td width=\"210\">R\u00c9BORA SILVIA<\/td>\n<td width=\"120\">rhbjdm2<\/td>\n<\/tr>\n<tr>\n<td width=\"420\">BIOLOG\u00cdA CELULAR Y MOLECULAR<\/td>\n<td width=\"210\">\u00a0ADRIANA DUARTE<\/td>\n<td width=\"120\">ytfsy7c<\/td>\n<\/tr>\n<tr>\n<td width=\"420\">BIOLOG\u00cdA DE LOS ORGANISMOS CELULARES Y PLANTAS<\/td>\n<td width=\"210\">\u00a0JOS\u00c9 FIGUEROA<\/td>\n<td width=\"120\">\u00a0mitzu62<\/td>\n<\/tr>\n<tr>\n<td width=\"420\">BIOLOG\u00cdA DE LOS ANIMALES<\/td>\n<td width=\"210\">\u00a0PATRICIA GONZ\u00c1LEZ<\/td>\n<td width=\"120\">\u00a0oigaitf<\/td>\n<\/tr>\n<tr>\n<td width=\"420\">BIOLOG\u00cdA HUMANA<\/td>\n<td width=\"210\">\u00a0ADRIANA DUARTE<\/td>\n<td width=\"120\">csyzjv2<\/td>\n<\/tr>\n<tr>\n<td width=\"420\">CS NATURALES Y SU ENSE\u00d1ANZA<\/td>\n<td width=\"210\">\u00a0EDUARDO DUNAND<\/td>\n<td width=\"120\">3crwz37<\/td>\n<\/tr>\n<tr>\n<td width=\"420\">F\u00cdSICA BIOL\u00d3GICA Y LABORATORIO<\/td>\n<td width=\"210\">HILLAR DANIEL<\/td>\n<td width=\"120\">blb4fod<\/td>\n<\/tr>\n<tr>\n<td width=\"420\">QU\u00cdMICA Y BIOLOG\u00cdA Y LABORATORIO<\/td>\n<td width=\"210\">\u00a0ADRIANA DUARTE<\/td>\n<td width=\"120\">aaxpb4z<\/td>\n<\/tr>\n<tr>\n<td width=\"420\">EDI<\/td>\n<td width=\"210\">\u00a0MA EUGENIA FORTUNATO<\/td>\n<td width=\"120\">n6zasrj<\/td>\n<\/tr>\n<tr>\n<td width=\"420\">ESPACIO DE LA PR\u00c1CTICA DOCENTE III<\/td>\n<td width=\"210\"><strong>\u00a0<\/strong>EDUARDO DUNAND<\/td>\n<td width=\"120\">6xizt2d<strong>\u00a0<\/strong><\/td>\n<\/tr>\n<\/tbody>\n<\/table>\n","protected":false},"excerpt":{"rendered":"<p>MATERIAS 3\u00ba A\u00d1O DOCENTE C\u00d3DIGO PERSP. \u00a0FILOS\u00d3FICO PEDAG\u00d3GICO DID\u00c1CTICA PI\u00c9GARI MARCELO 7omjep2 PERSPECTIVA POL\u00cdTICO INSTITUCIONAL R\u00c9BORA SILVIA rhbjdm2 BIOLOG\u00cdA CELULAR Y MOLECULAR \u00a0ADRIANA DUARTE ytfsy7c BIOLOG\u00cdA DE LOS ORGANISMOS CELULARES Y PLANTAS \u00a0JOS\u00c9 FIGUEROA \u00a0mitzu62 BIOLOG\u00cdA DE LOS ANIMALES \u00a0PATRICIA GONZ\u00c1LEZ \u00a0oigaitf BIOLOG\u00cdA HUMANA \u00a0ADRIANA DUARTE csyzjv2 CS NATURALES Y SU ENSE\u00d1ANZA \u00a0EDUARDO DUNAND 3crwz37 &#8230; <a title=\"PCP Biolog\u00eda\" class=\"read-more\" href=\"https:\/\/isfd42-bue.infd.edu.ar\/sitio\/pcp-biologia\/\" aria-label=\"More on PCP Biolog\u00eda\">[+]<\/a><\/p>\n","protected":false},"author":427,"featured_media":0,"parent":0,"menu_order":0,"comment_status":"closed","ping_status":"closed","template":"","meta":[],"acf":[],"_links":{"self":[{"href":"https:\/\/isfd42-bue.infd.edu.ar\/sitio\/wp-json\/wp\/v2\/pages\/5408"}],"collection":[{"href":"https:\/\/isfd42-bue.infd.edu.ar\/sitio\/wp-json\/wp\/v2\/pages"}],"about":[{"href":"https:\/\/isfd42-bue.infd.edu.ar\/sitio\/wp-json\/wp\/v2\/types\/page"}],"author":[{"embeddable":true,"href":"https:\/\/isfd42-bue.infd.edu.ar\/sitio\/wp-json\/wp\/v2\/users\/427"}],"replies":[{"embeddable":true,"href":"https:\/\/isfd42-bue.infd.edu.ar\/sitio\/wp-json\/wp\/v2\/comments?post=5408"}],"version-history":[{"count":3,"href":"https:\/\/isfd42-bue.infd.edu.ar\/sitio\/wp-json\/wp\/v2\/pages\/5408\/revisions"}],"predecessor-version":[{"id":5460,"href":"https:\/\/isfd42-bue.infd.edu.ar\/sitio\/wp-json\/wp\/v2\/pages\/5408\/revisions\/5460"}],"wp:attachment":[{"href":"https:\/\/isfd42-bue.infd.edu.ar\/sitio\/wp-json\/wp\/v2\/media?parent=5408"}],"curies":[{"name":"wp","href":"https:\/\/api.w.org\/{rel}","templated":true}]}}