{"id":5242,"date":"2021-03-20T10:17:03","date_gmt":"2021-03-20T13:17:03","guid":{"rendered":"https:\/\/isfd42-bue.infd.edu.ar\/sitio\/?page_id=5242"},"modified":"2024-04-17T19:22:49","modified_gmt":"2024-04-17T22:22:49","slug":"evaluacion-de-aptitud-fonoaudiologica","status":"publish","type":"page","link":"https:\/\/isfd42-bue.infd.edu.ar\/sitio\/evaluacion-de-aptitud-fonoaudiologica\/","title":{"rendered":"Evaluaci\u00f3n de Aptitud Fonoaudiol\u00f3gica"},"content":{"rendered":"<p align=\"center\"><span style=\"font-size: large;\"><u>CONSIGNA EVALUACI\u00d3N APTITUD VIRTUAL<\/u><\/span><\/p>\n<p>A continuaci\u00f3n, les vamos a solicitar que graben un video:<\/p>\n<p><u>CRITERIOS:<\/u><\/p>\n<p>La c\u00e1mara debe estar enfocada en su cara, cuello y hombros.<\/p>\n<p>La c\u00e1mara debe filmarlos de frente.<\/p>\n<p>El video debe ser uno solo. Como mucho la lectura separada<\/p>\n<p>El video completo No debe superar los 6 Minutos.<\/p>\n<p><u>CONTENIDOS:<\/u><\/p>\n<ul>\n<li>Datos personales.\n<ul>\n<li><span style=\"color: #ff0000;\">Nombre y apellido<\/span><\/li>\n<li><span style=\"color: #ff0000;\">Carrera, a\u00f1o de cursada, hace o hizo pr\u00e1cticas.<\/span><\/li>\n<li><span style=\"color: #ff0000;\">Mostrar DNI <\/span><\/li>\n<\/ul>\n<\/li>\n<li>Los n\u00fameros\n<ul>\n<li><span style=\"color: #ff0000;\">Decir los n\u00fameros del 1 al 15<\/span><\/li>\n<\/ul>\n<\/li>\n<li>Palabras aisladas (<span style=\"color: #ff0000;\">Debe leer las siguientes palabras<\/span>)\n<ul>\n<li>\n<p align=\"justify\"><span style=\"font-size: medium;\">Sapo \u2013 Cocina \u2013 Taza \u2013 Pasto<\/span><\/p>\n<\/li>\n<li>\n<p align=\"justify\"><span style=\"font-size: medium;\">Rosa \u2013 Poroto \u2013 Coro \u2013 Torta \u2013 Remo<\/span><\/p>\n<\/li>\n<li>\n<p align=\"justify\"><span style=\"font-size: medium;\">Carroza \u2013 Perro &#8211; Parrilla \u2013 Tarro <\/span><\/p>\n<\/li>\n<li>\n<p align=\"justify\"><span style=\"font-size: medium;\">Llave \u2013 Payaso \u2013 Malla<\/span><\/p>\n<\/li>\n<li>\n<p align=\"justify\"><span style=\"font-size: medium;\">\u00d1ato \u2013 Pu\u00f1ete \u2013 Ca\u00f1a<\/span><\/p>\n<\/li>\n<li>\n<p align=\"justify\"><span style=\"font-size: medium;\">Chala \u2013 Lechuga \u2013 Noche<\/span><\/p>\n<\/li>\n<li>\n<p align=\"justify\"><span style=\"font-size: medium;\">Tabla \u2013 Regla \u2013 Clavo \u2013 Flecha \u2013 Atlas \u2013 Plato &#8211; <\/span><\/p>\n<\/li>\n<li>\n<p align=\"justify\"><span style=\"font-size: medium;\">Premio \u2013 Brazo \u2013 Fruta \u2013 Crema &#8211; Dragon \u2013 Tigre \u2013 Rey <\/span><\/p>\n<\/li>\n<li>\n<p align=\"justify\"><span style=\"font-size: medium;\">Viol\u00edn \u2013 Vaina \u2013 Piano \u2013 Fui \u2013 Auto \u2013 Diuca<\/span><\/p>\n<\/li>\n<li>\n<p align=\"justify\"><span style=\"font-size: medium;\">Bicicleta \u2013 Helic\u00f3ptero \u2013 Ametralladora \u2013 panader\u00eda<\/span><\/p>\n<\/li>\n<\/ul>\n<\/li>\n<\/ul>\n<ul>\n<li>Praxias (<span style=\"color: #ff0000;\">Debe hacer los siguientes movimientos faciales<\/span>)\n<ul>\n<li>Sonr\u00edo (las muelas deben estar toc\u00e1ndose \u2013 muestro los dientes)<\/li>\n<li>Piquito \u2013 Sonrisa (con boca cerrada)<\/li>\n<li>El sonido de una \/S\/ prolongada \u2013 (como viborita)<\/li>\n<li>Vibraci\u00f3n de labios (como una moto,<\/li>\n<li>Inflo mejillas<\/li>\n<li>Chasquido como caballo (Lengua contra el paladar y la bajo)<\/li>\n<li>Abro y cierro boca<\/li>\n<\/ul>\n<\/li>\n<li><span style=\"color: #ff0000;\">Canto el feliz cumplea\u00f1os<\/span><\/li>\n<li>Lectura brindada\n<ul>\n<li><span style=\"color: #ff0000;\">Leer \u201c\u00a1Aterrizaje de emergencia!\u201d<\/span><\/li>\n<\/ul>\n<\/li>\n<\/ul>\n<p><img decoding=\"async\" loading=\"lazy\" class=\"alignnone size-medium wp-image-7280\" src=\"https:\/\/isfd42-bue.infd.edu.ar\/sitio\/wp-content\/uploads\/2024\/04\/Lectura-Aterrizaje-de-emergencia-2023-1000x671.jpeg\" alt=\"\" width=\"1000\" height=\"671\" srcset=\"https:\/\/isfd42-bue.infd.edu.ar\/sitio\/wp-content\/uploads\/2024\/04\/Lectura-Aterrizaje-de-emergencia-2023-1000x671.jpeg 1000w, https:\/\/isfd42-bue.infd.edu.ar\/sitio\/wp-content\/uploads\/2024\/04\/Lectura-Aterrizaje-de-emergencia-2023-768x515.jpeg 768w, https:\/\/isfd42-bue.infd.edu.ar\/sitio\/wp-content\/uploads\/2024\/04\/Lectura-Aterrizaje-de-emergencia-2023.jpeg 1158w\" sizes=\"(max-width: 1000px) 100vw, 1000px\" \/><\/p>\n","protected":false},"excerpt":{"rendered":"<p>CONSIGNA EVALUACI\u00d3N APTITUD VIRTUAL A continuaci\u00f3n, les vamos a solicitar que graben un video: CRITERIOS: La c\u00e1mara debe estar enfocada en su cara, cuello y hombros. La c\u00e1mara debe filmarlos de frente. El video debe ser uno solo. Como mucho la lectura separada El video completo No debe superar los 6 Minutos. CONTENIDOS: Datos personales. &#8230; <a title=\"Evaluaci\u00f3n de Aptitud Fonoaudiol\u00f3gica\" class=\"read-more\" href=\"https:\/\/isfd42-bue.infd.edu.ar\/sitio\/evaluacion-de-aptitud-fonoaudiologica\/\" aria-label=\"More on Evaluaci\u00f3n de Aptitud Fonoaudiol\u00f3gica\">[+]<\/a><\/p>\n","protected":false},"author":427,"featured_media":0,"parent":0,"menu_order":0,"comment_status":"closed","ping_status":"closed","template":"","meta":[],"acf":[],"_links":{"self":[{"href":"https:\/\/isfd42-bue.infd.edu.ar\/sitio\/wp-json\/wp\/v2\/pages\/5242"}],"collection":[{"href":"https:\/\/isfd42-bue.infd.edu.ar\/sitio\/wp-json\/wp\/v2\/pages"}],"about":[{"href":"https:\/\/isfd42-bue.infd.edu.ar\/sitio\/wp-json\/wp\/v2\/types\/page"}],"author":[{"embeddable":true,"href":"https:\/\/isfd42-bue.infd.edu.ar\/sitio\/wp-json\/wp\/v2\/users\/427"}],"replies":[{"embeddable":true,"href":"https:\/\/isfd42-bue.infd.edu.ar\/sitio\/wp-json\/wp\/v2\/comments?post=5242"}],"version-history":[{"count":5,"href":"https:\/\/isfd42-bue.infd.edu.ar\/sitio\/wp-json\/wp\/v2\/pages\/5242\/revisions"}],"predecessor-version":[{"id":7281,"href":"https:\/\/isfd42-bue.infd.edu.ar\/sitio\/wp-json\/wp\/v2\/pages\/5242\/revisions\/7281"}],"wp:attachment":[{"href":"https:\/\/isfd42-bue.infd.edu.ar\/sitio\/wp-json\/wp\/v2\/media?parent=5242"}],"curies":[{"name":"wp","href":"https:\/\/api.w.org\/{rel}","templated":true}]}}