{"id":5136,"date":"2021-03-02T19:02:39","date_gmt":"2021-03-02T22:02:39","guid":{"rendered":"https:\/\/isfd42-bue.infd.edu.ar\/sitio\/?page_id=5136"},"modified":"2025-03-13T09:47:41","modified_gmt":"2025-03-13T12:47:41","slug":"solicitud-de-vacantes","status":"publish","type":"page","link":"https:\/\/isfd42-bue.infd.edu.ar\/sitio\/solicitud-de-vacantes\/","title":{"rendered":"Solicitud de Vacantes"},"content":{"rendered":"<p>Solicitar vacante en el ISFD N\u00ba 42 mediante correo electr\u00f3nico a la siguiente direcci\u00f3n:\u00a0 \u00a0isfdyt42sanmiguel@abc.gob.ar<\/p>\n<p>En el asunto colocar en may\u00fascula la palabra vacante, el nombre de la carrera y el apellido. Ej: VACANTE \u2013 HISTORIA &#8211; GUARDIOLA. En el cuerpo del mail aclarar para qu\u00e9 a\u00f1o de cursada se solicita la vacante y explicar su situaci\u00f3n acad\u00e9mica. (Listado de materias aprobadas con final, ordenadas por a\u00f1o o anal\u00edtico parcial actualizado).<\/p>\n<p>La confirmaci\u00f3n de la solicitud de pase estar\u00e1 supeditada al tama\u00f1o de los grupos y las condiciones de infraestructura.<\/p>\n<p>Se solicita completar el\u00a0 pedido y esperar respuesta y solicitud de documentaci\u00f3n mediante correo electr\u00f3nico.<\/p>\n","protected":false},"excerpt":{"rendered":"<p>Solicitar vacante en el ISFD N\u00ba 42 mediante correo electr\u00f3nico a la siguiente direcci\u00f3n:\u00a0 \u00a0isfdyt42sanmiguel@abc.gob.ar En el asunto colocar en may\u00fascula la palabra vacante, el nombre de la carrera y el apellido. Ej: VACANTE \u2013 HISTORIA &#8211; GUARDIOLA. En el cuerpo del mail aclarar para qu\u00e9 a\u00f1o de cursada se solicita la vacante y explicar &#8230; <a title=\"Solicitud de Vacantes\" class=\"read-more\" href=\"https:\/\/isfd42-bue.infd.edu.ar\/sitio\/solicitud-de-vacantes\/\" aria-label=\"More on Solicitud de Vacantes\">[+]<\/a><\/p>\n","protected":false},"author":610,"featured_media":0,"parent":0,"menu_order":0,"comment_status":"closed","ping_status":"closed","template":"","meta":[],"acf":[],"_links":{"self":[{"href":"https:\/\/isfd42-bue.infd.edu.ar\/sitio\/wp-json\/wp\/v2\/pages\/5136"}],"collection":[{"href":"https:\/\/isfd42-bue.infd.edu.ar\/sitio\/wp-json\/wp\/v2\/pages"}],"about":[{"href":"https:\/\/isfd42-bue.infd.edu.ar\/sitio\/wp-json\/wp\/v2\/types\/page"}],"author":[{"embeddable":true,"href":"https:\/\/isfd42-bue.infd.edu.ar\/sitio\/wp-json\/wp\/v2\/users\/610"}],"replies":[{"embeddable":true,"href":"https:\/\/isfd42-bue.infd.edu.ar\/sitio\/wp-json\/wp\/v2\/comments?post=5136"}],"version-history":[{"count":4,"href":"https:\/\/isfd42-bue.infd.edu.ar\/sitio\/wp-json\/wp\/v2\/pages\/5136\/revisions"}],"predecessor-version":[{"id":7669,"href":"https:\/\/isfd42-bue.infd.edu.ar\/sitio\/wp-json\/wp\/v2\/pages\/5136\/revisions\/7669"}],"wp:attachment":[{"href":"https:\/\/isfd42-bue.infd.edu.ar\/sitio\/wp-json\/wp\/v2\/media?parent=5136"}],"curies":[{"name":"wp","href":"https:\/\/api.w.org\/{rel}","templated":true}]}}